{"id":79,"date":"2017-12-18T06:11:48","date_gmt":"2017-12-18T06:11:48","guid":{"rendered":"http:\/\/thefourtienda.com.bo\/producto\/bright-red-bag\/"},"modified":"2024-07-02T15:18:02","modified_gmt":"2024-07-02T19:18:02","slug":"bright-red-bag","status":"publish","type":"product","link":"https:\/\/www.thefourtienda.com.bo\/?product=bright-red-bag","title":{"rendered":"Caja con espejo"},"content":{"rendered":"<p>Con esta caja puedes acercarte f\u00e1cilmente a las personas. En \u00e9l est\u00e1n escritas las palabras \u201c\u00bfQu\u00e9 es lo que m\u00e1s ama Dios?\u201d la gente suele sorprenderse cuando la abre solo para ver su reflejo en un espejo. Las reacciones no tienen precio. \u00a1Dios ama tanto a todos y queremos difundir su amor! \u00a1Luego puede usar THE FOUR\u00a0 para explicar el evangelio y ya explic\u00f3 el punto 1!<\/p>\n","protected":false},"excerpt":{"rendered":"<p>Caja de Madera eficaz para evangelizar de forma creativa.<\/p>\n","protected":false},"featured_media":2675,"comment_status":"open","ping_status":"closed","template":"","meta":[],"_links":{"self":[{"href":"https:\/\/www.thefourtienda.com.bo\/index.php?rest_route=\/wp\/v2\/product\/79"}],"collection":[{"href":"https:\/\/www.thefourtienda.com.bo\/index.php?rest_route=\/wp\/v2\/product"}],"about":[{"href":"https:\/\/www.thefourtienda.com.bo\/index.php?rest_route=\/wp\/v2\/types\/product"}],"replies":[{"embeddable":true,"href":"https:\/\/www.thefourtienda.com.bo\/index.php?rest_route=%2Fwp%2Fv2%2Fcomments&post=79"}],"version-history":[{"count":3,"href":"https:\/\/www.thefourtienda.com.bo\/index.php?rest_route=\/wp\/v2\/product\/79\/revisions"}],"predecessor-version":[{"id":2923,"href":"https:\/\/www.thefourtienda.com.bo\/index.php?rest_route=\/wp\/v2\/product\/79\/revisions\/2923"}],"wp:featuredmedia":[{"embeddable":true,"href":"https:\/\/www.thefourtienda.com.bo\/index.php?rest_route=\/wp\/v2\/media\/2675"}],"wp:attachment":[{"href":"https:\/\/www.thefourtienda.com.bo\/index.php?rest_route=%2Fwp%2Fv2%2Fmedia&parent=79"}],"curies":[{"name":"wp","href":"https:\/\/api.w.org\/{rel}","templated":true}]}}